 multiple of 7?
False
Does 306 divide 1114548696?
True
Is 394975980 a multiple of 210?
True
Is 3 a factor of 33656878?
False
Does 12945 divide 3159673091?
False
Does 6 divide 1350856212?
True
Is 933433741 a multiple of 85?
False
Does 2250 divide 12523500?
True
Is 4521321 a multiple of 867?
False
Does 60 divide 160635360?
True
Is 13311340 a multiple of 47?
True
Is 35 a factor of 3614112145?
True
Does 684 divide 1682929343?
False
Does 29 divide 67694361?
False
Is 204 a factor of 20815716?
False
Is 1343 a factor of 292352154?
False
Does 571 divide 29119703?
False
Is 636213630 a multiple of 30?
True
Is 414 a factor of 1565628768?
True
Is 1019 a factor of 26905676?
True
Is 28 a factor of 3754184247?
False
Is 163534770 a multiple of 14?
True
Is 80 a factor of 2146400?
True
Is 7383740 a multiple of 34?
False
Is 7089 a factor of 454100073?
True
Is 384 a factor of 8322048?
True
Is 279 a factor of 249474075?
False
Is 14351337 a multiple of 9?
True
Does 44 divide 19116900?
True
Does 62 divide 48069355?
False
Is 103 a factor of 1495436601?
False
Is 90881710 a multiple of 5?
True
Is 121114737 a multiple of 323?
False
Does 43 divide 181329169?
False
Is 7670877 a multiple of 29?
True
Is 51 a factor of 140766579?
True
Is 1013712244 a multiple of 17?
True
Is 30 a factor of 1429968082?
False
Does 5910 divide 575598540?
True
Is 797 a factor of 53466433?
False
Is 13532490 a multiple of 4?
False
Is 139 a factor of 4297316494?
True
Is 57356093 a multiple of 17?
False
Is 63686762 a multiple of 202?
True
Is 221 a factor of 67137369?
True
Is 11 a factor of 5423957?
True
Is 190254735 a multiple of 345?
True
Is 27 a factor of 354974049?
True
Is 11082613 a multiple of 8?
False
Is 58 a factor of 43639586?
False
Does 66 divide 46544620?
False
Is 1930144030 a multiple of 2395?
False
Is 25 a factor of 65516331?
False
Is 117 a factor of 357602778?
True
Is 6 a factor of 26785492?
False
Does 18 divide 2256407146?
False
Is 122945776 a multiple of 53?
False
Is 5 a factor of 635152395?
True
Is 3444424729 a multiple of 93?
False
Does 8 divide 4080520?
True
Does 16 divide 127141072?
True
Does 33 divide 49837392?
True
Does 473 divide 923448779?
True
Does 1690 divide 1080128010?
True
Is 110 a factor of 14630660?
True
Does 60 divide 39420360?
True
Is 26638872 a multiple of 39?
True
Does 86 divide 32650523?
False
Is 5184030 a multiple of 58?
False
Is 9095830 a multiple of 1348?
False
Is 235 a factor of 185615365?
False
Is 64523226 a multiple of 226?
True
Is 227171819 a multiple of 7?
True
Does 133 divide 24953593?
True
Is 3976 a factor of 1302535498?
False
Does 35 divide 58244935?
True
Does 19 divide 91180088?
True
Does 59 divide 17732717?
False
Does 1025 divide 187800462?
False
Is 26895686 a multiple of 30?
False
Does 123 divide 341447631?
True
Is 429520572 a multiple of 153?
True
Is 608 a factor of 1406174738?
False
Does 13 divide 3744157157?
True
Is 34591626 a multiple of 213?
True
Is 3218 a factor of 110583352?
True
Is 23444460 a multiple of 2580?
True
Is 11 a factor of 17466040?
False
Does 44 divide 18583972?
True
Is 1009224244 a multiple of 1294?
True
Is 1101661480 a multiple of 1309?
False
Does 1197 divide 167456709?
True
Is 311 a factor of 429198969?
False
Does 2782 divide 423765368?
True
Is 21 a factor of 4366086?
False
Does 2 divide 942304?
True
Is 410849669 a multiple of 30?
False
Is 7 a factor of 232559085?
False
Is 168075222 a multiple of 42?
True
Is 56536379 a multiple of 2053?
False
Does 222 divide 2357654430?
True
Does 22 divide 362130868?
True
Does 812 divide 233957500?
True
Is 717295910 a multiple of 21?
False
Is 38652864 a multiple of 478?
False
Does 130 divide 9370960?
False
Does 111 divide 3572313?
True
Is 411 a factor of 4086077946?
False
Does 13 divide 27573806?
True
Is 11 a factor of 524876557?
False
Does 3929 divide 1170889194?
False
Does 37 divide 26855109?
False
Is 230696937 a multiple of 27?
True
Is 271 a factor of 52618986?
True
Does 368 divide 31024850?
False
Is 61 a factor of 3183293540?
True
Does 20 divide 146732110?
False
Does 159 divide 54288709?
False
Is 301403 a multiple of 15?
False
Is 49 a factor of 484909262?
False
Does 197 divide 1266809553?
False
Is 6017317 even?
False
Is 11 a factor of 1323568920?
False
Does 334 divide 12342477?
False
Does 350 divide 1229967200?
True
Is 6515 a factor of 104020962?
False
Is 3695671 a multiple of 291?
False
Does 16 divide 19618864?
True
Is 494438092 a multiple of 151?
False
Does 77 divide 1823032446?
False
Is 34747575 a multiple of 25?
True
Is 52471530 a multiple of 155?
True
Is 7237272541 a multiple of 8494?
False
Does 30 divide 2480840580?
True
Is 185 a factor of 1040416114?
False
Does 19 divide 166554342?
True
Is 128051952 a multiple of 168?
True
Is 456 a factor of 2016382296?
True
Is 59436895 a multiple of 35?
True
Is 239 a factor of 154238655?
False
Does 19 divide 964407206?
True
Is 848 a factor of 135214422?
False
Does 1299 divide 597557648?
False
Is 880801398 a multiple of 337?
True
Is 7247721 a multiple of 57?
True
Does 2031 divide 703637919?
True
Does 20 divide 1375434260?
True
Is 61192431 a multiple of 5?
False
Is 226638433 a multiple of 14?
False
Does 11 divide 5206950?
False
Is 202 a factor of 94387530?
True
Is 88752761 a multiple of 4?
False
Does 12 divide 5095490?
False
Does 616 divide 3748524?
False
Does 1562 divide 355558060?
True
Is 5482645 a multiple of 345?
False
Is 322 a factor of 38676643?
False
Is 193801190 a multiple of 85?
True
Is 600 a factor of 20719200?
True
Does 243 divide 22240332?
True
Is 3486748 a multiple of 6?
False
Is 7702296 a multiple of 57?
True
Does 11 divide 7059692?
False
Is 3266396766 a multiple of 1458?
True
Is 56 a factor of 171317720?
True
Is 6 a factor of 624593369?
False
Does 8 divide 648244856?
True
Is 338103850 a multiple of 14?
True
Is 761004661 a multiple of 1002?
False
Does 803 divide 252084857?
False
Is 50 a factor of 83502224?
False
Does 31 divide 6962319?
False
Is 19774651 even?
False
Does 53 divide 45481252?
False
Is 7272 a factor of 951121137?
False
Is 26 a factor of 18660824?
True
Is 7 a factor of 76769462?
True
Does 6 divide 136012150?
False
Does 301 divide 11885888?
True
Does 41 divide 337355246?
False
Does 10 divide 50028947?
False
Does 331 divide 241384534?
False
Is 77051436 a multiple of 10?
False
Is 1166846045 a multiple of 1370?
False
Does 416 divide 181558624?
True
Is 14224959 a multiple of 9?
True
Is 52 a factor of 10606388?
True
Is 116106480 a multiple of 1323?
True
Is 338132676 a multiple of 6915?
False
Is 186 a factor of 7355043?
False
Does 24 divide 68901443?
False
Is 4 a factor of 15930011?
False
Is 9502176 a multiple of 32?
True
Is 75 a factor of 537852600?
True
Is 167394155 a multiple of 74?
False
Does 611 divide 20335370?
False
Is 2937297 a multiple of 2?
False
Does 38 divide 102172918?
True
Does 32 divide 11205181?
False
Does 1387 divide 1145220934?
True
Is 3438432 a multiple of 72?
True
Does 22 divide 198340714?
True
Does 52 divide 715090064?
True
Does 3531 divide 822405210?
True
Is 351 a factor of 221228280?
True
Does 29 divide 36181801?
False
Is 2564484 a multiple of 2?
True
Is 480686508 a multiple of 1068?
True
Is 43 a factor of 82910837?
True
Is 30449866 a multiple of 1698?
False
Is 23 a factor of 1588627055?
False
Does 24 divide 70503024?
True
Is 197354745 a multiple of 3395?
True
Is 19068034 a multiple of 31?
False
Is 425 a factor of 198993500?
True
Is 1063 a factor of 3019738962?
False
Is 565 a factor of 72711545?
True
Does 156 divide 99226764?
True
Does 45 divide 46722915?
True
Is 24530597 a multiple of 301?
True
Does 1744 divide 89587203?
False
Does 83 divide 166634359?
False
Is 39 a factor of 45913335?
True
Does 122 divide 39324477?
False
Is 250 a factor of 28799000?
True
Does 4 divide 27748760?
True
Is 631 a factor of 153130449?
True
Does 256 divide 1207844608?
True
Does 10 divide 51686396?
False
Does 8 divide 278027620?
False
Does 1149 divide 983394630?
True
Is 339 a factor of 84758136?
True
Does 299 divide 40572805?
True
Does 3049 divide 250007365?
False
Does 272 divide 3903538?
False
Is 52832892 a multiple of 42?
True
Is 472 a factor of 10250347?
False
Is 254 a factor of 1684290002?
True
Is 216416777 a multiple of 10?
False
Does 113 divide 167950045?
False
Is 1121 a factor of 432348411?
False
Is 85869198 a multiple of 45